{"id":5049,"date":"2022-11-17T16:09:32","date_gmt":"2022-11-17T14:09:32","guid":{"rendered":"https:\/\/abpolar-ee.vserver.zonevs.eu\/?post_type=product&#038;p=5049"},"modified":"2023-02-28T12:11:24","modified_gmt":"2023-02-28T10:11:24","slug":"infrapunalammitin-2000w","status":"publish","type":"product","link":"https:\/\/abpolar.ee\/fi\/infrapunalammitin-2000w\/","title":{"rendered":"Infrapunal\u00e4mmitin 2000W"},"content":{"rendered":"<h2>Infrapunal\u00e4mmitin 2000W<\/h2>\n<p>Tehokas infrapunal\u00e4mmitin tarjoaa mukavaa lis\u00e4l\u00e4mp\u00f6\u00e4 esimerkiksi parvekkeelle, kuistille tai viherhuoneeseen. L\u00e4mmitint\u00e4 ohjataan kaukos\u00e4\u00e4timell\u00e4, joka toimitetaan laitteen mukana.<\/p>\n<ul>\n<li><strong>Sis\u00e4lt\u00e4\u00e4 kaukos\u00e4\u00e4timen: Kyll\u00e4<\/strong><\/li>\n<li data-v-b4b16f92=\"\"><strong>Kaukos\u00e4\u00e4din kahdella AAA-paristolla (eiv\u00e4t sis\u00e4lly)<\/strong><\/li>\n<li data-v-b4b16f92=\"\"><strong>Sopii sek\u00e4 sis\u00e4- ett\u00e4 ulkotiloihin; suojausluokka IP44, CE<\/strong><\/li>\n<li data-v-b4b16f92=\"\"><strong>Teho: 2000W<\/strong><\/li>\n<li><strong>L\u00e4mmitysala: 10-15 m\u00b2<\/strong><\/li>\n<li><strong>S\u00e4\u00e4dett\u00e4v\u00e4 teho: 2 eri tehotasoa<\/strong><\/li>\n<li data-v-b4b16f92=\"\"><strong>Leveys : 70 cm<\/strong><\/li>\n<li><strong>Syvyys : 9 cm<\/strong><\/li>\n<li><strong>Johdon pituus : 1,9 m<\/strong><\/li>\n<li><strong>Paino: 2,9 kg<\/strong><\/li>\n<li><strong>V\u00e4ri: Alumiini<\/strong><\/li>\n<li><strong>Pakkaus sis\u00e4lt\u00e4\u00e4 kiinnityskannakkeet sek\u00e4 sein\u00e4- ett\u00e4 kattokiinnityst\u00e4 varten<\/strong><\/li>\n<\/ul>\n","protected":false},"excerpt":{"rendered":"<p>Infrapunal\u00e4mmitin 2000W Tehokas infrapunal\u00e4mmitin tarjoaa mukavaa lis\u00e4l\u00e4mp\u00f6\u00e4 esimerkiksi parvekkeelle, kuistille tai viherhuoneeseen. L\u00e4mmitint\u00e4 ohjataan kaukos\u00e4\u00e4timell\u00e4,&#8230;<\/p>\n","protected":false},"featured_media":2940,"template":"","meta":{"_acf_changed":false,"inline_featured_image":false},"product_brand":[],"product_cat":[220,219],"product_tag":[],"class_list":{"0":"post-5049","1":"product","2":"type-product","3":"status-publish","4":"has-post-thumbnail","6":"product_cat-piha","7":"product_cat-terassilammittimet","8":"product_shipping_class-vaike-pakk-fi","10":"first","11":"instock","12":"sale","13":"taxable","14":"shipping-taxable","15":"purchasable","16":"product-type-simple"},"acf":[],"_links":{"self":[{"href":"https:\/\/abpolar.ee\/fi\/wp-json\/wp\/v2\/product\/5049","targetHints":{"allow":["GET"]}}],"collection":[{"href":"https:\/\/abpolar.ee\/fi\/wp-json\/wp\/v2\/product"}],"about":[{"href":"https:\/\/abpolar.ee\/fi\/wp-json\/wp\/v2\/types\/product"}],"wp:featuredmedia":[{"embeddable":true,"href":"https:\/\/abpolar.ee\/fi\/wp-json\/wp\/v2\/media\/2940"}],"wp:attachment":[{"href":"https:\/\/abpolar.ee\/fi\/wp-json\/wp\/v2\/media?parent=5049"}],"wp:term":[{"taxonomy":"product_brand","embeddable":true,"href":"https:\/\/abpolar.ee\/fi\/wp-json\/wp\/v2\/product_brand?post=5049"},{"taxonomy":"product_cat","embeddable":true,"href":"https:\/\/abpolar.ee\/fi\/wp-json\/wp\/v2\/product_cat?post=5049"},{"taxonomy":"product_tag","embeddable":true,"href":"https:\/\/abpolar.ee\/fi\/wp-json\/wp\/v2\/product_tag?post=5049"}],"curies":[{"name":"wp","href":"https:\/\/api.w.org\/{rel}","templated":true}]}}

Infrapunalämmitin 2000W

<h2>Infrapunalämmitin 2000W</h2>
<p>Tehokas infrapunalämmitin tarjoaa mukavaa lisälämpöä esimerkiksi parvekkeelle, kuistille tai viherhuoneeseen. Lämmitintä ohjataan kaukosäätimellä, joka toimitetaan laitteen mukana.</p>
<ul>
<li><strong>Sisältää kaukosäätimen: Kyllä</strong></li>
<li data-v-b4b16f92=""><strong>Kaukosäädin kahdella AAA-paristolla (eivät sisälly)</strong></li>
<li data-v-b4b16f92=""><strong>Sopii sekä sisä- että ulkotiloihin; suojausluokka IP44, CE</strong></li>
<li data-v-b4b16f92=""><strong>Teho: 2000W</strong></li>
<li><strong>Lämmitysala: 10-15 m²</strong></li>
<li><strong>Säädettävä teho: 2 eri tehotasoa</strong></li>
<li data-v-b4b16f92=""><strong>Leveys : 70 cm</strong></li>
<li><strong>Syvyys : 9 cm</strong></li>
<li><strong>Johdon pituus : 1,9 m</strong></li>
<li><strong>Paino: 2,9 kg</strong></li>
<li><strong>Väri: Alumiini</strong></li>
<li><strong>Pakkaus sisältää kiinnityskannakkeet sekä seinä- että kattokiinnitystä varten</strong></li>
</ul>

<p>Infrapunalämmitin 2000W Tehokas infrapunalämmitin tarjoaa mukavaa lisälämpöä esimerkiksi parvekkeelle, kuistille tai viherhuoneeseen. Lämmitintä ohjataan kaukosäätimellä,&#8230;</p>
